{"id":101,"date":"2026-04-27T13:03:00","date_gmt":"2026-04-27T13:03:00","guid":{"rendered":"https:\/\/alexandretasselli.fr\/?page_id=101"},"modified":"2026-05-04T15:58:37","modified_gmt":"2026-05-04T15:58:37","slug":"lecture-dame","status":"publish","type":"page","link":"https:\/\/alexandretasselli.fr\/index.php\/lecture-dame\/","title":{"rendered":"Lecture d&rsquo;\u00e2me"},"content":{"rendered":"\n<div class=\"wp-block-columns is-layout-flex wp-container-core-columns-is-layout-28f84493 wp-block-columns-is-layout-flex\">\n<div class=\"wp-block-column is-layout-flow wp-block-column-is-layout-flow\">\n<figure class=\"wp-block-image size-large has-custom-border is-style-rounded wp-duotone-rgba199960054-rgba255241120083-1\"><img loading=\"lazy\" decoding=\"async\" width=\"1308\" height=\"957\" src=\"https:\/\/alexandretasselli.fr\/wp-content\/uploads\/2026\/04\/stock-photo-double-multiply-exposure-abstract-portrait-of-a-dreamer-cute-young-woman-face-with-galaxy-universe-1502881307-edited.jpg\" alt=\"\" class=\"wp-image-132\" style=\"border-top-left-radius:82px;border-top-right-radius:82px;border-bottom-left-radius:82px;border-bottom-right-radius:82px;aspect-ratio:1;object-fit:cover\" srcset=\"https:\/\/alexandretasselli.fr\/wp-content\/uploads\/2026\/04\/stock-photo-double-multiply-exposure-abstract-portrait-of-a-dreamer-cute-young-woman-face-with-galaxy-universe-1502881307-edited.jpg 1308w, https:\/\/alexandretasselli.fr\/wp-content\/uploads\/2026\/04\/stock-photo-double-multiply-exposure-abstract-portrait-of-a-dreamer-cute-young-woman-face-with-galaxy-universe-1502881307-edited-300x219.jpg 300w, https:\/\/alexandretasselli.fr\/wp-content\/uploads\/2026\/04\/stock-photo-double-multiply-exposure-abstract-portrait-of-a-dreamer-cute-young-woman-face-with-galaxy-universe-1502881307-edited-1024x749.jpg 1024w, https:\/\/alexandretasselli.fr\/wp-content\/uploads\/2026\/04\/stock-photo-double-multiply-exposure-abstract-portrait-of-a-dreamer-cute-young-woman-face-with-galaxy-universe-1502881307-edited-768x562.jpg 768w\" sizes=\"auto, (max-width: 1308px) 100vw, 1308px\" \/><\/figure>\n<\/div>\n\n\n\n<div class=\"wp-block-column is-layout-flow wp-block-column-is-layout-flow\">\n<p>Offrez-vous une parenth\u00e8se de reconnexion profonde gr\u00e2ce \u00e0 une s\u00e9ance de lecture d\u2019\u00e2me.<br>Cette exp\u00e9rience intuitive et sensible permet d\u2019explorer les messages, \u00e9nergies et aspirations profondes de votre \u00e2me afin de mieux comprendre qui vous \u00eates, ce que vous traversez et vers quoi vous \u00eates appel\u00e9(e).<\/p>\n\n\n\n<p>La lecture d\u2019\u00e2me peut apporter des \u00e9clairages pr\u00e9cieux sur vos \u00e9motions, vos relations, vos blocages ou encore votre mission de vie, tout en r\u00e9v\u00e9lant vos forces int\u00e9rieures et votre potentiel d\u2019\u00e9volution.<\/p>\n\n\n\n<p>Un moment intime et puissant pour retrouver du sens, de l\u2019alignement et avancer avec plus de confiance sur votre chemin.<br><br>S\u00e9ance de 20 minutes      15\u20ac<\/p>\n\n\n\n<div class=\"wp-block-buttons is-content-justification-center is-layout-flex wp-container-core-buttons-is-layout-a89b3969 wp-block-buttons-is-layout-flex\">\n<div class=\"wp-block-button\"><a class=\"wp-block-button__link wp-element-button\" href=\"https:\/\/alexandretasselli.fr\/index.php\/contact\/\">R\u00e9server<\/a><\/div>\n<\/div>\n<\/div>\n<\/div>\n\n\n\n<p><\/p>\n","protected":false},"excerpt":{"rendered":"<p>Offrez-vous une parenth\u00e8se de reconnexion profonde gr\u00e2ce \u00e0 une s\u00e9ance de lecture d\u2019\u00e2me.Cette exp\u00e9rience intuitive et sensible permet d\u2019explorer les [&hellip;]<\/p>\n","protected":false},"author":1,"featured_media":0,"parent":0,"menu_order":0,"comment_status":"closed","ping_status":"closed","template":"","meta":{"_monsterinsights_skip_tracking":false,"_monsterinsights_sitenote_active":false,"_monsterinsights_sitenote_note":"","_monsterinsights_sitenote_category":0,"site-sidebar-layout":"default","site-content-layout":"","ast-site-content-layout":"default","site-content-style":"default","site-sidebar-style":"default","ast-global-header-display":"","ast-banner-title-visibility":"","ast-main-header-display":"","ast-hfb-above-header-display":"","ast-hfb-below-header-display":"","ast-hfb-mobile-header-display":"","site-post-title":"disabled","ast-breadcrumbs-content":"","ast-featured-img":"","footer-sml-layout":"","ast-disable-related-posts":"","theme-transparent-header-meta":"","adv-header-id-meta":"","stick-header-meta":"","header-above-stick-meta":"","header-main-stick-meta":"","header-below-stick-meta":"","astra-migrate-meta-layouts":"default","ast-page-background-enabled":"default","ast-page-background-meta":{"desktop":{"background-color":"var(--ast-global-color-5)","background-image":"","background-repeat":"repeat","background-position":"center center","background-size":"auto","background-attachment":"scroll","background-type":"","background-media":"","overlay-type":"","overlay-color":"","overlay-opacity":"","overlay-gradient":""},"tablet":{"background-color":"","background-image":"","background-repeat":"repeat","background-position":"center center","background-size":"auto","background-attachment":"scroll","background-type":"","background-media":"","overlay-type":"","overlay-color":"","overlay-opacity":"","overlay-gradient":""},"mobile":{"background-color":"","background-image":"","background-repeat":"repeat","background-position":"center center","background-size":"auto","background-attachment":"scroll","background-type":"","background-media":"","overlay-type":"","overlay-color":"","overlay-opacity":"","overlay-gradient":""}},"ast-content-background-meta":{"desktop":{"background-color":"var(--ast-global-color-4)","background-image":"","background-repeat":"repeat","background-position":"center center","background-size":"auto","background-attachment":"scroll","background-type":"","background-media":"","overlay-type":"","overlay-color":"","overlay-opacity":"","overlay-gradient":""},"tablet":{"background-color":"var(--ast-global-color-4)","background-image":"","background-repeat":"repeat","background-position":"center center","background-size":"auto","background-attachment":"scroll","background-type":"","background-media":"","overlay-type":"","overlay-color":"","overlay-opacity":"","overlay-gradient":""},"mobile":{"background-color":"var(--ast-global-color-4)","background-image":"","background-repeat":"repeat","background-position":"center center","background-size":"auto","background-attachment":"scroll","background-type":"","background-media":"","overlay-type":"","overlay-color":"","overlay-opacity":"","overlay-gradient":""}},"footnotes":""},"class_list":["post-101","page","type-page","status-publish","hentry"],"_links":{"self":[{"href":"https:\/\/alexandretasselli.fr\/index.php\/wp-json\/wp\/v2\/pages\/101","targetHints":{"allow":["GET"]}}],"collection":[{"href":"https:\/\/alexandretasselli.fr\/index.php\/wp-json\/wp\/v2\/pages"}],"about":[{"href":"https:\/\/alexandretasselli.fr\/index.php\/wp-json\/wp\/v2\/types\/page"}],"author":[{"embeddable":true,"href":"https:\/\/alexandretasselli.fr\/index.php\/wp-json\/wp\/v2\/users\/1"}],"replies":[{"embeddable":true,"href":"https:\/\/alexandretasselli.fr\/index.php\/wp-json\/wp\/v2\/comments?post=101"}],"version-history":[{"count":4,"href":"https:\/\/alexandretasselli.fr\/index.php\/wp-json\/wp\/v2\/pages\/101\/revisions"}],"predecessor-version":[{"id":209,"href":"https:\/\/alexandretasselli.fr\/index.php\/wp-json\/wp\/v2\/pages\/101\/revisions\/209"}],"wp:attachment":[{"href":"https:\/\/alexandretasselli.fr\/index.php\/wp-json\/wp\/v2\/media?parent=101"}],"curies":[{"name":"wp","href":"https:\/\/api.w.org\/{rel}","templated":true}]}}